actors of 1417?
13, 109
What are the prime factors of 1130?
2, 5, 113
What are the prime factors of 164977?
19, 457
What are the prime factors of 1747?
1747
List the prime factors of 17253.
3, 71
What are the prime factors of 113?
113
What are the prime factors of 161048?
2, 41, 491
What are the prime factors of 85230?
2, 3, 5, 947
What are the prime factors of 1057?
7, 151
What are the prime factors of 5182?
2, 2591
List the prime factors of 47778.
2, 3, 7963
What are the prime factors of 82?
2, 41
List the prime factors of 49655.
5, 9931
List the prime factors of 31075.
5, 11, 113
List the prime factors of 10644.
2, 3, 887
What are the prime factors of 13653?
3, 37, 41
What are the prime factors of 901?
17, 53
List the prime factors of 5803.
7, 829
List the prime factors of 1358.
2, 7, 97
List the prime factors of 1062.
2, 3, 59
What are the prime factors of 8335?
5, 1667
List the prime factors of 4435.
5, 887
List the prime factors of 2389.
2389
What are the prime factors of 1016?
2, 127
What are the prime factors of 3948?
2, 3, 7, 47
List the prime factors of 587.
587
What are the prime factors of 40312?
2, 5039
List the prime factors of 914.
2, 457
What are the prime factors of 53095?
5, 7, 37, 41
List the prime factors of 916.
2, 229
List the prime factors of 909.
3, 101
List the prime factors of 9592.
2, 11, 109
What are the prime factors of 2678?
2, 13, 103
What are the prime factors of 1421?
7, 29
What are the prime factors of 9940?
2, 5, 7, 71
What are the prime factors of 338?
2, 13
List the prime factors of 68085.
3, 5, 17, 89
What are the prime factors of 850?
2, 5, 17
List the prime factors of 58783.
29, 2027
List the prime factors of 90700.
2, 5, 907
List the prime factors of 53285.
5, 10657
What are the prime factors of 1106?
2, 7, 79
What are the prime factors of 4105?
5, 821
List the prime factors of 15784.
2, 1973
What are the prime factors of 8092?
2, 7, 17
What are the prime factors of 19?
19
List the prime factors of 76269.
3, 25423
List the prime factors of 66792.
2, 3, 11, 23
What are the prime factors of 52034?
2, 26017
List the prime factors of 1717.
17, 101
List the prime factors of 43059.
3, 31, 463
What are the prime factors of 1221?
3, 11, 37
List the prime factors of 90122.
2, 45061
What are the prime factors of 250?
2, 5
What are the prime factors of 25375?
5, 7, 29
What are the prime factors of 800?
2, 5
What are the prime factors of 72813?
3, 13, 1867
What are the prime factors of 2738?
2, 37
List the prime factors of 33811.
33811
What are the prime factors of 2715?
3, 5, 181
List the prime factors of 1882.
2, 941
What are the prime factors of 1389?
3, 463
List the prime factors of 427.
7, 61
What are the prime factors of 316?
2, 79
List the prime factors of 5.
5
What are the prime factors of 2964?
2, 3, 13, 19
What are the prime factors of 453?
3, 151
What are the prime factors of 17881?
17881
List the prime factors of 87861.
3, 29287
What are the prime factors of 31098?
2, 3, 71, 73
List the prime factors of 9659.
13, 743
What are the prime factors of 24270?
2, 3, 5, 809
List the prime factors of 39698.
2, 23, 863
List the prime factors of 264.
2, 3, 11
What are the prime factors of 1486?
2, 743
List the prime factors of 508.
2, 127
What are the prime factors of 4055?
5, 811
List the prime factors of 2592.
2, 3
What are the prime factors of 18522?
2, 3, 7
What are the prime factors of 40072?
2, 5009
List the prime factors of 2377.
2377
List the prime factors of 1577.
19, 83
What are the prime factors of 8646?
2, 3, 11, 131
List the prime factors of 22345.
5, 41, 109
List the prime factors of 1641.
3, 547
What are the prime factors of 1290?
2, 3, 5, 43
List the prime factors of 122996.
2, 97, 317
What are the prime factors of 36523?
36523
List the prime factors of 37779.
3, 7, 257
What are the prime factors of 89762?
2, 37, 1213
List the prime factors of 858.
2, 3, 11, 13
List the prime factors of 22350.
2, 3, 5, 149
List the prime factors of 640.
2, 5
What are the prime factors of 1219?
23, 53
List the prime factors of 572.
2, 11, 13
What are the prime factors of 1405?
5, 281
List the prime factors of 9647.
11, 877
List the prime factors of 12438.
2, 3, 691
List the prime factors of 1125.
3, 5
What are the prime factors of 1264?
2, 79
List the prime factors of 4162.
2, 2081
What are the prime factors of 151952?
2, 9497
List the prime factors of 3717.
3, 7, 59
What are the prime factors of 23384?
2, 37, 79
List the prime factors of 88811.
88811
List the prime factors of 1330.
2, 5, 7, 19
What are the prime factors of 1875?
3, 5
List the prime factors of 1033.
1033
List the prime factors of 229.
229
List the prime factors of 3043.
17, 179
What are the prime factors of 11205?
3, 5, 83
List the prime factors of 10558.
2, 5279
List the prime factors of 34.
2, 17
List the prime factors of 6758.
2, 31, 109
List the prime factors of 903.
3, 7, 43
List the prime factors of 21281.
13, 1637
What are the prime factors of 305?
5, 61
List the prime factors of 2366.
2, 7, 13
What are the prime factors of 2353?
13, 181
List the prime factors of 13327.
13327
What are the prime factors of 4486?
2, 2243
What are the prime factors of 43975?
5, 1759
List the prime factors of 424.
2, 53
List the prime factors of 23676.
2, 3, 1973
List the prime factors of 8689.
8689
What are the prime factors of 4913?
17
List the prime factors of 8457.
3, 2819
What are the prime factors of 4502?
2, 2251
List the prime factors of 111152.
2, 6947
List the prime factors of 3485.
5, 17, 41
What are the prime factors of 396?
2, 3, 11
List the prime factors of 5750.
2, 5, 23
List the prime factors of 5724.
2, 3, 53
What are the prime factors of 746?
2, 373
List the prime factors of 672.
2, 3, 7
List the prime factors of 7556.
2, 1889
What are the prime factors of 10959?
3, 13, 281
What are the prime factors of 46784?
2, 17, 43
List the prime factors of 773.
773
What are the prime factors of 5726?
2, 7, 409
List the prime factors of 3238.
2, 1619
What are the prime factors of 2548?
2, 7, 13
List the prime factors of 8767.
11, 797
List the prime factors of 4231.
4231
List the prime factors of 51390.
2, 3, 5, 571
What are the prime factors of 4353?
3, 1451
List the prime factors of 20117.
20117
What are the prime factors of 22689?
3, 2521
What are the prime factors of 86?
2, 43
What are the prime factors of 26498?
2, 13249
List the prime factors of 3619.
7, 11, 47
What are the prime factors of 4586?
2, 2293
List the prime factors of 31526.
2, 11, 1433
What are the prime factors of 12863?
19, 677
What are the prime factors of 2750?
2, 5, 11
List the prime factors of 4404.
2, 3, 367
List the prime factors of 17058.
2, 3, 2843
List the prime factors of 1069.
1069
List the prime factors of 4947.
3, 17, 97
List the prime factors of 12892.
2, 11, 293
What are the prime factors of 8488?
2, 1061
List the prime factors of 33484.
2, 11, 761
What are the prime factors of 1408?
2, 11
What are the prime factors of 48826?
2, 24413
What are the prime factors of 59620?
2, 5, 11, 271
What are the prime factors of 871?
13, 67
What are the prime factors of 55867?
7, 23, 347
List the prime factors of 13123.
11, 1193
What are the prime factors of 1205?
5, 241
What are the prime factors of 2062?
2, 1031
List the prime factors of 6036.
2, 3, 503
List the prime factors of 25863.
3, 37, 233
List the prime factors of 1584.
2, 3, 11
List the prime factors of 563.
563
What are the prime factors of 27599?
11, 13, 193
What are the prime factors of 17676?
2, 3, 491
List the prime factors of 3053.
43, 71
What are the prime factors of 11046?
2, 3, 7, 263
What are the prime factors of 1861?
1861
What are the prime factors of 317?
317
List the prime factors of 11146.
2, 5573
List the prime factors of 29177.
163, 179
List the prime factors of 1589.
7, 227
What are the prime factors of 3582?
2, 3, 199
List the prime factors of 609.
3, 7, 29
List the prime factors of 8106.
2, 3, 7, 193
What are the prime factors of 2928?
2, 3, 61
What are the prime factors of 6662?
2, 3331
What are the prime factors of 25955?
5, 29, 179
What are the prime factors of 1526?
2, 7, 109
List the prime factors of 1216.
2, 19
What are the prime factors of 2195?
5, 439
List the prime factors of 7023.
3, 2341
Wha